. What are the prime factors of r(j)?
2, 7
Let j(o) = -o**2 + 8*o - 8. Let m be j(6). List the prime factors of 7/((-4)/m)*-1.
7
Let o be (-3)/(-3 - (-296)/100). Let g = -53 + o. List the prime factors of g.
2, 11
Let z(u) = -u**3 + 2*u + 419. What are the prime factors of z(0)?
419
Let k = 41 - 24. Let o be 2 + k + (1 - 2). Suppose 2*g - 10 = -4*d, 0 = -3*g + 3*d - 8*d + o. List the prime factors of g.
11
Suppose 0 = -l - 3, o + 4*l - 334 = 7*l. What are the prime factors of o?
5, 13
Let y(x) be the third derivative of 1/15*x**5 + 1/120*x**6 + 0*x - x**3 + 0 + 2*x**2 - 7/24*x**4. What are the prime factors of y(-5)?
2
Let h = -29 - -23. Let m(f) = f**2 - 2*f + 4. Let i be m(5). Let p = i + h. List the prime factors of p.
13
Let h(f) = -5*f - 16. What are the prime factors of h(-19)?
79
Suppose -o = -8 - 5. Suppose p = o - 1. What are the prime factors of p?
2, 3
Let b(s) be the second derivative of -s**5/20 + s**4 + 5*s**3/2 - 4*s**2 - 3*s. List the prime factors of b(13).
2, 3
Let x(o) = -o + 12. Let d be x(7). Suppose 2*w = 2*t - t - 11, 80 = 5*t - d*w. List the prime factors of t.
3, 7
Let b be -6*12/8*(-2)/(-2). Let v(t) = t - 1. Let r be v(4). What are the prime factors of r/(-2)*24/b?
2
Suppose 9*s - 10*s + 86 = 0. List the prime factors of s.
2, 43
Suppose 3*d - 25 = -2*d. Let h = d - 1. What are the prime factors of h?
2
Let v(h) = h**3 + 3*h**2 - 3. Let u be v(-3). Let s = u - -9. List the prime factors of s.
2, 3
Suppose -5*c = -8*c + 108. List the prime factors of c.
2, 3
Suppose r = -2*j + 4*j + 43, -4*r + 182 = 2*j. What are the prime factors of r?
3, 5
Let p = -7 + 10. Suppose 15 = -3*y + p*d + 90, -93 = -4*y - 3*d. Suppose -7*x + 4*x = -y. List the prime factors of x.
2
Suppose 3*v + v + 48 = 0. Let s = v + 18. What are the prime factors of s?
2, 3
Suppose -o + 13 = 2*y, 2*y + 12 = 4*o - 0. Suppose 3*v - t = -o*t + 26, -v + 3*t = 0. Suppose v*n - 2*n = 8. What are the prime factors of n?
2
Let f be (-6)/(-10) + (-1692)/(-30). Suppose 7*p - f = 4*p. What are the prime factors of p?
19
What are the prime factors of ((-1)/(9/15) - -2)*447?
149
Suppose -j - 2 = -l, 0 = -0*j - 5*j. Let s = 0 + l. List the prime factors of s.
2
Suppose 2*o - 93 - 59 = 3*m, 0 = 2*o + m - 136. Let f = o + -47. Suppose f - 1 = 3*j + k, -10 = -j - k. List the prime factors of j.
2, 3
Suppose -2*n + 27 = n + z, -2*z + 27 = 3*n. List the prime factors of n.
3
Let i(f) be the first derivative of -6*f**4 + 1. Let z be i(1). Let u = -12 - z. List the prime factors of u.
2, 3
Suppose -11 = -4*g + 1. Suppose 11 = 2*m + c - 5, g*m - c = 14. What are the prime factors of 0/(4 - 2) + m?
2, 3
Suppose 2*o - 48 = -2*o. Let g be (o/2)/(-1 - -3). Suppose 2*c - 4*c + 5 = 3*f, -f + 20 = -g*c. List the prime factors of f.
5
Let x = -13 - -16. What are the prime factors of 73/x + 17/(-51)?
2, 3
Let n = 6 + -4. Suppose -n*s + 5 = -65. List the prime factors of s.
5, 7
Let g(c) = 9 - 5*c - 9*c - 2 - c**2 + 3. List the prime factors of g(-9).
5, 11
List the prime factors of (-40)/(-15)*33 - 0.
2, 11
Let i(m) = -12*m**2 - 1. Let y = 3 + -4. Let g be i(y). Let q = -3 - g. What are the prime factors of q?
2, 5
Suppose -2*u - 70 = d, -4*u + 2*u = -2*d + 70. Let z be ((-90)/u)/((-2)/(-14)). What are the prime factors of z/(-24) + 118/8?
2, 7
Suppose 3*l = 3*q + 54, 2*q - 7*q = -4*l + 77. What are the prime factors of l?
13
Let k = -2 + 8. Let s(r) = r - 3. Let f be s(k). Suppose 4*v = 3*b + 48, 2*v - f*b - 24 = -6*b. List the prime factors of v.
2, 3
Let h be (1 + 1)/(4/(-26)). Let l = h + 18. What are the prime factors of l?
5
Let n = 37 + 62. List the prime factors of n.
3, 11
Let c(b) = -b**3 - 11*b**2 - 16*b - 10. What are the prime factors of c(-10)?
2, 5
Suppose 2*g + 0*g - 13 = 5*y, 2*g + 4*y = 40. Suppose b + 2*t = g + 10, 3*b - 80 = 2*t. List the prime factors of b.
2, 13
Let f(n) = n**3 + 4*n**2 - 6*n - 4. Let u(j) = -2*j**3 + 4*j**2 - 2*j - 1. Let a be u(2). Let d be f(a). List the prime factors of d*9 + -1 + -1.
7
Suppose -28 = -2*s + 3*o, 2*o + 2*o = 16. List the prime factors of s.
2, 5
Let c(f) = 6*f**2 - 5*f - 4. What are the prime factors of c(5)?
11
Let i(f) = f**3 + 17*f**2 + 20*f - 3. List the prime factors of i(-15).
3, 7
Suppose -14 + 0 = -b + 2*z, -57 = -5*b - 3*z. What are the prime factors of b?
2, 3
Suppose 0*a - 2 = 2*a. Suppose 2*b + u - 26 = 6*u, -18 = -b + 5*u. Let r = b + a. What are the prime factors of r?
7
Let y be (1 - 2)/((-1)/4). Suppose 5*v + y*x - 70 = 0, -3*v - x + 5*x + 42 = 0. List the prime factors of v.
2, 7
Let t = 177 - 18. What are the prime factors of t?
3, 53
What are the prime factors of (-108)/(-6)*(-1 - 228/(-9))?
2, 3, 73
Let x be (-10)/4*(-4)/2. Suppose -b + 4*n = -6*b + 103, -x*b + 106 = 3*n. What are the prime factors of b?
23
Let j = 141 + -69. What are the prime factors of j?
2, 3
Let c = -32 - -59. Suppose 5*v + 40 + 34 = 4*i, -i + c = 3*v. What are the prime factors of i?
3, 7
Suppose 3*y + 343 = 10*y. What are the prime factors of y?
7
Let m be (-4)/(-8)*12/(-2). Let z = 29 + m. What are the prime factors of z?
2, 13
Suppose 0 = -3*p - 4*w - 7, 4*w - 7 + 35 = 4*p. Let y = p - -9. List the prime factors of y.
2, 3
Let u(d) = -d**2 - 7*d - 1. Let l be u(-4). Let o = l - 5. Let y = o - 4. List the prime factors of y.
2
List the prime factors of ((-94)/3)/(18/(-27)).
47
Let y(i) = i - 3. Let r be y(10). Let k = -3 - r. List the prime factors of (16/k)/(2/(-10)).
2
Let o(p) = 2*p**2 - 5*p - 14. What are the prime factors of o(-7)?
7, 17
Let n(h) = 6*h**3 + h**2 + h. Let d(c) = c**3 + c**2 - c + 1. Let y be d(-2). Let z be n(y). List the prime factors of -1 - -3 - z/1.
2
Let z be 69/(-21) + (-4)/(-14). Let w(d) be the first derivative of -3*d**2/2 - 4*d + 6. List the prime factors of w(z).
5
Let i(q) be the second derivative of q**3/3 + 2*q**2 + 2*q. List the prime factors of i(0).
2
Let i(j) = -2*j**3 - 3*j**2 - 2*j + 1. Let x be i(-2). Let q be 39/x - (-2)/(-6). Suppose q*o - 4 = 2*o. List the prime factors of o.
2
Let p(g) = g - 7. Let v be p(5). Let t(a) = -a. What are the prime factors of t(v)?
2
Let q = 65 + 291. What are the prime factors of q?
2, 89
Suppose 5*x - 381 = -136. List the prime factors of x.
7
Let f(m) be the third derivative of m**6/120 - m**5/30 - 2*m**3/3 + 2*m**2. Let q be f(3). Suppose 0 = c, 0 = q*b - 2*b + 5*c - 48. List the prime factors of b.
2
What are the prime factors of (-2191)/(-63) + ((-2)/(-9))/1?
5, 7
Let y(m) = m + 31. List the prime factors of y(-17).
2, 7
Let j be 52/12*(-2 - 1). Let p(z) = -z**3 - 14*z**2 - 15*z + 1. What are the prime factors of p(j)?
3
Let j(y) = -y**2 + 4*y + 8. Let i be j(6). Let o = 31 + i. List the prime factors of o.
3
Let f = 0 - -51. What are the prime factors of f?
3, 17
Suppose 8*u - 50 = 3*u. Suppose 0*t + u = t. What are the prime factors of t?
2, 5
Suppose -5*t + r = -5, -2*t + r = t - 1. Let k(y) = 2*y**t + y**3 - 2*y - y - 1 + 3. List the prime factors of k(2).
2, 3
Let n = -4 + -3. Let a = n - -9. List the prime factors of a.
2
Let w = 139 - 115. List the prime factors of w.
2, 3
Suppose 183 - 663 = -5*d. What are the prime factors of d?
2, 3
Let a(c) = -c**2 + 10*c. Let d be a(10). Suppose d = -4*o + 1 + 63. List the prime factors of o.
2
Let y(h) = 30*h + 1. Let f be y(1). Let j = f - 8. List the prime factors of j.
23
Suppose -d = -5*d + 832. What are the prime factors of d?
2, 13
Let a = 17 - 15. Suppose -a*o = -52 - 10. List the prime factors of o.
31
Let l(j) = 4*j - 1. Let t be l(1). Suppose -t*d - 12 = -42. What are the prime factors of (-171)/(-15) + (-4)/d?
11
Suppose -b - 10 = 2*a + 2, -5*a = -4*b + 4. Let m = 5 + b. Let z = m - -15. What are the prime factors of z?
2
Suppose 5*w - 32 + 633 = 2*q, -q = 2*w - 278. What are the prime factors of q?
2, 3
Let p(f) = f**3 + 7*f**2 - f - 7. Let v be p(-6). Let w = -19 + v. What are the prime factors of w?
2
Let j be 4/(-14) - (-30)/7. Suppose -83 = -j*m + 37. Let i = -20 + m. List the prime factors of i.
2, 5
Suppose 37 = 5*o - 33. What are the prime factors of o?
2, 7
Let z(c) = c**2 - 5*c + 6. Suppose 2*q = 8 + 2. Let a be z(q). What are the prime factors of 10/3 - (-4)/a?
2
Let i be -3 + 7/1 + 3. Let y be 7/(i/10) - -3. Suppose y = o - 0. List the prime factors of o.
13
Let x(y) = 44*y - 18.